x**3 + 2*x**2 - 10*x + 13. What is the tens digit of l(5)?
1
Let t(w) = -31*w - 19. Let i be t(-6). Let b = i - 92. What is the tens digit of b?
7
Let r(k) = k**2 - 8*k - 5. Let o = 23 + -14. Let a be r(o). Suppose -5*g + 13 = 6*f - 3*f, 0 = a*f + 3*g - 21. What is the units digit of f?
6
Suppose 40 = 4*r - 4*q, 8*r - 2*q = 3*r + 35. Let y(h) = -h + 3*h - 2 - 1 - r. What is the units digit of y(6)?
4
Let l(q) be the first derivative of q**3/3 + 19*q**2/2 - 11*q + 37. What is the tens digit of l(9)?
4
Let s(n) be the third derivative of 1/6*n**3 + 0 - 2*n**2 - 1/6*n**4 + 0*n. What is the units digit of s(-2)?
9
Let s be 64/(-18)*3*-3. Let t = -28 + s. Suppose -3*n - 5*r + 132 = n, -16 = -t*r. What is the units digit of n?
8
Suppose -22*u = -3*l - 18*u + 2388, -l + 2*u + 796 = 0. What is the hundreds digit of l?
7
Suppose -z + 16 = 5. Let o(d) = -14*d + 16. Let v be o(z). What is the tens digit of (-10)/30*v/2?
2
Suppose 0*m + 5*m = 315. Let v = -34 + m. What is the units digit of v?
9
Suppose 7*y - 4280 = 3*y + 4*j, 5*y - 2*j = 5338. What is the tens digit of y?
6
Let z be (0 + 26/4)/(58/464). Let c = 264 - z. What is the hundreds digit of c?
2
What is the units digit of (-27004)/(-10) + (-24)/60?
0
Let y = -75 - -78. What is the tens digit of y/(12/(-8))*-62?
2
Let j(b) = b**3 + 12*b**2 + 9*b - 15. Let d be (-6)/(-4) - (-3 + (-162)/(-12)). What is the tens digit of j(d)?
4
What is the hundreds digit of ((-63696)/96)/((-7)/(-4) - 2)?
6
Let x be (-12)/(-2) - (-3 - -2). Suppose 0 = x*v - 2*v - 95. What is the units digit of v?
9
Suppose -1 = -2*h - 7. What is the tens digit of ((-237)/h)/(-2*(-2)/4)?
7
Let t = -235 - -504. Suppose 5*o + t = 2*x, 5*x - 2*o - 730 = -o. What is the hundreds digit of x?
1
Let m(d) = -11*d - 15. Let b(g) = 34*g + 46. Let j(t) = -5*b(t) - 16*m(t). Let y be j(-4). What is the units digit of y/(-2) + 3 + -4?
6
Let o be (-15636)/(-108) + 2/9. Suppose -10*u + o = -5*u. What is the tens digit of u?
2
Suppose 0 = 65*p - 57*p - 2168. What is the units digit of p?
1
Suppose -2451*p = -2447*p - 7728. What is the hundreds digit of p?
9
Let s = -133 + 2324. What is the units digit of s?
1
Suppose i + i = 4. Suppose i*d + j - 88 = d, -4*d + 337 = j. Let u = -31 + d. What is the units digit of u?
2
Let d be 0 + 0 + -4 + 0 + 0. Let r = 16 - -26. Let w = r + d. What is the units digit of w?
8
Suppose -g + 7*g = -5*g. What is the tens digit of 0 + 4/(-4 + g) + 23?
2
Suppose 3*w = 21 + 18. Let g(u) = u**2 - 12*u - 17. Let a be g(w). What is the tens digit of (a/(-8))/((-2)/(-84))?
2
Let i = 431 + -247. What is the hundreds digit of i?
1
Let z = 37 + -47. Suppose 2*l - 3*k + 24 = 5*l, -5*l + 72 = -3*k. Let b = l + z. What is the units digit of b?
2
Suppose g = 2*x + 8, 3*g - 5 = 2*g - x. What is the units digit of (1 - 4)/1*(-62)/g?
1
Let b be 2/8 - (-123)/4. What is the units digit of 23/6 + 0 + b/186?
4
Let r(a) = 0*a**2 - 2*a**3 - 4*a**2 + 3*a**2 - a. Let p be r(-1). Let q(g) = 15*g + 1. What is the units digit of q(p)?
1
Let p(w) = -w + 15. Let x be p(13). Suppose x*v + 19 = 1. Let s(u) = -3*u - 13. What is the units digit of s(v)?
4
Let c(s) = -s**2 + 6*s - 16. Let g be c(9). Let t = g - -60. What is the units digit of t?
7
Suppose -12 + 18 = 2*q. Suppose -r - q*w + 84 = 4*r, -2*r + 38 = -w. What is the units digit of r?
8
Let i(y) = 22*y**2 + 26*y + 15. What is the hundreds digit of i(-6)?
6
What is the tens digit of (-11380)/(-25) - 16/(-20)?
5
Let b(j) = -642*j - 54. What is the tens digit of b(-2)?
3
Let k(o) = -o**2 + 2*o + 9. Let i be k(-8). Let c = -18 - i. What is the units digit of c?
3
Suppose 3*p - 20 = p. Suppose 0 = -5*b + p*b. What is the units digit of -1*1/(b - 1)?
1
Suppose 3*w = t - 1192, t - 1196 = -w + 3*w. What is the units digit of t?
4
Let n be (4 + -128 - 1)*-1. Suppose -219 = -4*w + n. What is the units digit of w?
6
Let o(t) = 12*t**2 + 16*t - 13. Let r be o(9). Suppose 0 = -10*g + 267 + r. What is the units digit of g?
7
Suppose 0 = 5*d - 11 - 9. Suppose c = -d*k + 13, -5 = -3*k - 5*c + 26. What is the units digit of k?
2
Suppose -8*s = -3*s + 10. Let k be s/3 - 616/(-24). Suppose k = b - 36. What is the tens digit of b?
6
Let a(q) = q + 8. Let g(y) = 6*y + 38. Let x(p) = -14*a(p) + 3*g(p). Let f = 2 - 1. What is the units digit of x(f)?
6
Suppose -240 = -6*n + 642. What is the hundreds digit of n?
1
Let j = 11 - 6. Suppose -7*h + 11 = -j*h - 3*s, -3*h + 33 = s. Suppose -m - m = -h. What is the units digit of m?
5
Suppose 5*f - 226 = -26. Suppose -f - 5 = -3*y. Suppose 5*a = y, s + 2*s - 66 = 4*a. What is the units digit of s?
6
Let z = -8587 - -13434. What is the thousands digit of z?
4
Let v(r) be the third derivative of 0*r + 4*r**2 + 7/2*r**3 + 0 - 1/24*r**4 - 1/120*r**6 - 1/60*r**5. What is the units digit of v(0)?
1
Let v = 168 - 3. What is the tens digit of v?
6
Suppose 2*l + 8722 = 2*d, 0 = 18*d - 14*d - 5*l - 17446. What is the units digit of d?
9
Let f(b) = 3*b**2 + 35*b + 57. What is the tens digit of f(13)?
1
Let z(p) = -8*p - 5. Let g(a) = 4*a - 11. Let y be g(4). Let t(f) = -f**2 + 3*f + 6. Let l be t(y). What is the units digit of z(l)?
7
Let z(u) = 22*u - 3. Let q be z(9). Suppose 12*s = 11*s + q. What is the units digit of s?
5
Suppose 0 = -3*d + 5*r + 822, 9*r = -5*d + 8*r + 1398. What is the hundreds digit of d?
2
Let n(x) = x**3 - 6*x**2 + 2*x - 3. Let j be n(6). What is the units digit of (-3 + 0)/(j/(-57))?
9
Let m = -1079 - -2043. What is the hundreds digit of m?
9
Let h = -565 + 960. Suppose 0 = 5*w - 2*z + z - h, 0 = -2*z + 10. What is the tens digit of w?
8
Let n = 116 + -26. Let h be 0 - 4*1/(-2). What is the tens digit of n/9 - (-1 - h)?
1
Let d = -48 + 550. What is the tens digit of d?
0
Let q = 11 - 0. Suppose 3*i - 48 = 9. Suppose v - q = i. What is the units digit of v?
0
What is the units digit of (-3 - (3 + 0 + 1))*-19?
3
Suppose 5*h + 5 = g, 0 = -5*g + 2*g + 2*h + 2. Suppose g = -4*j + 4*y - 2*y + 606, 5*j - 765 = -5*y. What is the hundreds digit of j?
1
Suppose -9 = j - 0*j. Let v be (-1 - 2)/(j/48). Let c = 22 - v. What is the units digit of c?
6
Let d(y) = -y**3 - 8*y**2 + y. Let t be d(-7). Let g = t - -100. Suppose 3*j - g - 76 = 0. What is the units digit of j?
0
Suppose -12*b = 4*b - 2752. What is the units digit of b?
2
Let j = -184 - -1892. What is the hundreds digit of j?
7
Let x be (-49)/(-2) + (-10)/20. Suppose -x = -2*q + 6*q. Let n(j) = j**2 - 3. What is the units digit of n(q)?
3
What is the units digit of 5*(5 + 261/5)?
6
Suppose -2*c = 3*c - 5*d - 895, -d - 731 = -4*c. Let z = c - 86. What is the tens digit of z?
9
Let k(x) = -2*x**3 + x**2 + x + 2. Let a be k(-2). What is the tens digit of 137/5 + (-4)/a*-3?
2
Suppose -3*z + 0 + 3 = 0. Suppose -g - 1 = w, z = -g - 0. Suppose w = -4*b + 141 - 45. What is the units digit of b?
4
Let o(z) = 5*z**2 + z. Let a be (-40 - -2)*-1 + 2. Let g be a/(-18) - (-6)/27. What is the units digit of o(g)?
8
What is the units digit of (-25337)/(-104) - 6/(-16)?
4
Let v = -860 + 866. Let z(p) = -20*p. Let r(c) = -10*c. Let w(l) = -5*r(l) + 2*z(l). What is the tens digit of w(v)?
6
Let j be (240/2)/(-2)*-2. Let k = j - 52. Let o = -34 + k. What is the units digit of o?
4
Suppose 2*h = -m - 1026 + 2902, -1888 = -2*h - 4*m. What is the tens digit of h?
3
Suppose 0 = y + 4*y - 25. Suppose -y*f + 0*f = -60. Suppose f = 2*k - 22. What is the units digit of k?
7
Suppose 7*z + 3 = 17. Suppose 3*o = z + 25. Let p = o + 5. What is the units digit of p?
4
Suppose 0 = -2*j - 3*o + 9187, -3764 = 5*j + 2*o - 26737. What is the tens digit of j?
9
Let z(b) = 14*b**2 - 83*b + 33. What is the thousands digit of z(17)?
2
Suppose 0 = g + 1, 420 - 123 = a - g. What is the units digit of a?
6
Let h(t) = 96*t**2 - 9*t + 29. What is the units digit of h(3)?
6
Suppose 0*r - h - 4 = -r, 0 = 2*r - h - 8. Suppose 2*q - 3*l = 10, 0 = -4*l + 3*l + r. What is the tens digit of q?
1
Let q(i) = -i**3 + i. Let x(g) = -g**3 + 4*g**2 + 7*g + 16. Let k(s) = 2*q(s) - x(s). What is the units digit of k(-7)?
6
Let g(l) be the third derivative of 5*l**4/6 - 7*l**2. What is the units digit of g(2)?
0
Suppose 4*l - 7 = 2*l - 3*r, 0 = l + 2*r - 6. Let a be (6/l)/((-6)/(-8)). What is the tens digit of a*(3 - 4) - -17?
1
Let q(y) be the second derivative of -y**4/